m be i(-1). What are the prime factors of m/(-2)*(-104)/(-6)?
2, 13
Let i(o) = o**3 + 7*o**2 + o + 7. Let n be i(-7). Let j be 1/1 - (n - -29). Let z = 63 + j. What are the prime factors of z?
5, 7
Let v(n) = 50*n + 76. List the prime factors of v(15).
2, 7, 59
Suppose 5615 = 1563*c - 1558*c. List the prime factors of c.
1123
Let v(m) = -7*m**2 + 18*m + 3. Let n(q) = -13*q**2 + 35*q + 7. Let j(a) = 6*n(a) - 11*v(a). Let b be j(13). Let f = b - -12. List the prime factors of f.
2
Suppose -4*g = 3*v - 9*g + 15, -3*v - 2*g - 15 = 0. Let j = -4 + -15. Let o = v - j. What are the prime factors of o?
2, 7
Suppose -7*i + 6*i + 2951 = 0. Suppose 14*a - i + 11 = 0. What are the prime factors of a?
2, 3, 5, 7
Let y be (11456/40)/(2/(-10)). Let z be (-4)/7 + y/(-56). Suppose -z = 5*s, -3*o + s + 49 = -2*o. What are the prime factors of o?
2, 11
Let a(i) = 148*i + 5 - 78*i - 55*i. List the prime factors of a(6).
5, 19
Let h = 20 - -223. What are the prime factors of h?
3
Let k(c) = -c**3 - 7*c**2 + 8*c + 12. Let q be k(-8). Suppose n = -4*g - 3 - q, -g = -n. Let i(r) = -r**3 - 2*r**2 - 3*r - 1. List the prime factors of i(n).
17
Suppose 0 = 5*g - 5*h + 10, -3*g - 4*h + 8 = -0*h. Suppose 3*z - 2*s = 4*z - 6, g = z - 5*s - 13. What are the prime factors of z?
2
Let c be (-2)/(-3) - (-34)/(-6). Let d(h) = h - 4. Let f be d(c). What are the prime factors of ((-78)/f)/(2/6)?
2, 13
Let x(h) = -91*h + 65. List the prime factors of x(-22).
3, 13, 53
Suppose -2*j + 3*v - 3 = -2, 0 = 5*j - 4*v - 8. Suppose 87 = -3*c - 3*z, 2*c = j*c + z + 53. What are the prime factors of ((-114)/c)/((-1)/(-4))?
19
Suppose -447464 = -65*g - 41409. What are the prime factors of g?
6247
Suppose 0*n + 11 = 11*n. Let z = 1 - 11. List the prime factors of (z - -11)*(39 - n).
2, 19
Let s(h) = -h**2 - 13*h - 16. Suppose -4*a + 2*m - 26 = 0, 0 = -2*a - 3*m - 1 - 24. Let q = a + -2. What are the prime factors of s(q)?
2, 7
What are the prime factors of (-5199)/((6/(-8))/((-3)/(-12)))?
1733
Suppose -3*i = -8 - 7, g - 4*i + 20 = 0. Suppose g = 4*w + 3*u - 9, 2*w + 4*u + 3 + 5 = 0. List the prime factors of w.
2, 3
Suppose 0 = -16*y + 15*y. Suppose 3*q - 2*q - 2 = y. Suppose 0 = -q*z + 17 + 59. List the prime factors of z.
2, 19
Let s(m) = 5*m**2 + 55*m + 21. Let q be s(-10). Let l be -51 + (-1)/2*-2. Let f = q - l. List the prime factors of f.
3, 7
Suppose 0 = -12*g - 3*g + 840. What are the prime factors of g?
2, 7
What are the prime factors of 514/(0 - (-8)/4)?
257
What are the prime factors of (2 + -326)/(24/(-36))?
2, 3
Let a(f) = 1 - 18*f + 2 - 2 - 16*f. What are the prime factors of a(-1)?
5, 7
Let u = -1745 + 3459. List the prime factors of u.
2, 857
Suppose 0 = 17*j + 6*j - 14766. What are the prime factors of j?
2, 3, 107
Suppose -12*w - 576 = -16*w. Let n = -17 + w. What are the prime factors of n?
127
Let i(j) = -14*j + 5. Let s be i(-2). List the prime factors of 8/44 - (-2 + (-1809)/s).
3, 19
Suppose -158*w = -145*w - 71760. List the prime factors of w.
2, 3, 5, 23
Suppose 5*o - o = 16, 0 = -t + o - 9. What are the prime factors of (t - 12/(-3)) + 127?
2, 3, 7
Suppose 3*g = 7*g + 4, 1843 = 3*a + 2*g. List the prime factors of a.
3, 5, 41
Let p = 187 - -40. Suppose 5*z - 2*h = p, 3*h + 178 = 5*z - 45. Let v = -27 + z. List the prime factors of v.
2, 5
Let c = -749 - -1066. What are the prime factors of c?
317
Let y(h) = -h**3 + 8*h**2 - 5*h - 7. Let b be ((-24)/10)/(12/(-30)). Let j be y(b). Let q = j + -12. List the prime factors of q.
23
Suppose -6*c = -3*c - 15. Suppose -c*h + 48 = -h. What are the prime factors of h?
2, 3
Let v(t) = 3*t**2 - 15*t + 5. Let z be (-61)/(-9) + (-16)/(-72). List the prime factors of v(z).
47
Let b be (-16)/(-7 + -1)*(-78)/4. Let h = 41 - 69. Let k = h - b. List the prime factors of k.
11
Let d(c) = -69 + 2*c**2 - 3*c + 74 + 0*c**2. What are the prime factors of d(-11)?
2, 5, 7
Suppose 36*o = 34*o + 1908. What are the prime factors of o?
2, 3, 53
Suppose 2*o - 56 = -2*o. Suppose -t - 3*c + o = 0, -3*t = -5*c - 0 + 28. What are the prime factors of 11 - (1 - 1)/t?
11
Let p = -43 + 55. Suppose 0 = 6*r + p*r - 2790. List the prime factors of r.
5, 31
Let m = -696 + 1596. List the prime factors of m.
2, 3, 5
Let o be 16/3 - 4/12. Let w be (-2 - -18) + (-5)/o. Suppose -3*c + 15 = -2*j + 4*j, 0 = 5*c - w. What are the prime factors of j?
3
Suppose a - n + 54 = 542, -2*n = 2*a - 956. List the prime factors of a.
3, 7, 23
List the prime factors of 12/(-27) - (-20659)/9.
3, 5, 17
Let q(i) = 34*i**2 - 26*i - 82. What are the prime factors of q(-4)?
2, 283
Suppose 250 = -653*o + 655*o. List the prime factors of o.
5
Let y be 196/9 - 26/(-117). Let o be 8/44 - (-106)/y. Suppose 93 = o*s - 2*d, -3*d = -2*s + 6*s - 56. List the prime factors of s.
17
Let w = 91 + -89. Suppose w*q + 4*q = 984. List the prime factors of q.
2, 41
Let k be (-3)/(1 + 5)*0. Let q be (k + -2)/((-2)/4). Suppose 0 = q*f - 59 - 13. List the prime factors of f.
2, 3
Suppose 0 = -4*k - 6 - 34. Let d(m) = m**2 + 2*m + 21. What are the prime factors of d(k)?
101
Let n = 2 - -6. Suppose 0*g + n*g - 416 = 0. List the prime factors of g.
2, 13
Let x = 20 + -16. Suppose 158 = x*h - 194. List the prime factors of h.
2, 11
Let j = 77 - 30. Suppose -j - 142 = -3*i. List the prime factors of i.
3, 7
Let v(b) = -32*b + 141. List the prime factors of v(-11).
17, 29
Let z(g) = 46*g**2 - 61*g - 548. What are the prime factors of z(-9)?
3727
Let z = 569 - 839. Let a = z - -389. What are the prime factors of a?
7, 17
Let b = 390 - 185. Suppose -b = -0*s - s. Suppose s = 5*a + 4*n, 9*a - 4*a + 5*n - 200 = 0. What are the prime factors of a?
3, 5
Let i(x) = -x - 2. Let k be i(-5). Suppose 0 = -3*a + 5*u + 7, -k*a + 7*a + 2*u = 44. What are the prime factors of a?
3
Let k(n) = 2*n**2 + 2*n - 2. Let u be k(-2). Let d(h) = h**3 - 15*h**2 - 5*h + 9. Let y be d(15). List the prime factors of (u/(-3))/(4/y).
11
Suppose -12*x + 3532 = -8*x. What are the prime factors of x?
883
Suppose 0 = 5*t - 3*t - 10, 5*t - 107 = -l. List the prime factors of 1*2 + -18 + l.
2, 3, 11
What are the prime factors of (-63388)/(-12) + 9/(-27)?
2, 19, 139
Let m(h) = 43*h**2 + 4*h + 14. List the prime factors of m(-4).
2, 7
Let s = -308 + 458. Suppose 10*d + 120 = -790. Let x = d + s. List the prime factors of x.
59
Let u(y) be the third derivative of y**4/24 + 9*y**3/2 - y**2. What are the prime factors of u(0)?
3
Suppose -y - 2*w = -1168, y + 6*w - 1173 = 5*w. List the prime factors of y.
2, 19, 31
Let o(n) = 7*n + 1. Let g be o(-2). Let x = -9 - g. Let c(q) = q**3 - 4*q**2 + 2. List the prime factors of c(x).
2
Let o = -14 + 18. Suppose -4 = -0*h - 2*h + o*r, -4*r = 12. Let p = -1 - h. List the prime factors of p.
3
Suppose 1313 = j - y - 425, -5*j + 2*y = -8681. What are the prime factors of j?
5, 347
Suppose 4*z = 4*q - z - 10, 4*q + 3*z - 26 = 0. Suppose 2*v + 273 = q*v. List the prime factors of v.
7, 13
Let n be 44/(-2) - (3 + -2). Let z(p) = -3*p**3 + 4*p**2 + 4*p + 2. Let y be z(-2). Let a = n + y. What are the prime factors of a?
11
Let j(r) be the second derivative of 19/12*r**4 - 7*r + 0*r**2 + 0 - 1/6*r**3. What are the prime factors of j(-1)?
2, 5
Let s(i) = 7*i**2 - 11*i - 14. Let x(l) = 8*l**2 - 10*l - 13. Let p(w) = -2*s(w) + 3*x(w). List the prime factors of p(-4).
181
List the prime factors of (0 - (-77)/(-44))/((-1)/104).
2, 7, 13
Let r(o) = 110*o**2 + 3. What are the prime factors of r(-2)?
443
Let r(b) = 3*b**3 + 3*b**2 - 4*b. Let q be r(3). Let g = -3 + q. List the prime factors of g.
3, 31
Suppose -4*d + 74 = -2*d. Suppose 4*p = v - 25, -5*p - 33 = v - 103. What are the prime factors of (d/(-5))/((-9)/v)?
37
Suppose 3*z = 2*i + 2576, -5*i + 3012 = 3*z + 422. List the prime factors of z.
2, 5, 43
Let t = 509 + -236. What are the prime factors of t?
3, 7, 13
Let j be 13/((-5 - -1) + 3). Let r = 47 + j. List the prime factors of r.
2, 17
Suppose 5*b - 2*o + 5*o - 24 = 0, 0 = -4*o + 12. Suppose -b*z - 207 = -3*x, 4*z = -2*x + 171 - 45. What are the prime factors of x?
67
Suppose 0 = -5*u + 5*l + 460, -u + 2*l + 46 + 46 = 0. Let o = u - 6. What are the prime factors of o?
2, 43
Suppose 220*t = 219*t + 2047. What are the prime factors of t?
23, 89
Let r(x) = 56*x**2 + 90*x + 464. List the prime factors of r(-5).
2